{"id":487,"date":"2025-10-08T11:10:29","date_gmt":"2025-10-08T09:10:29","guid":{"rendered":"https:\/\/www.centrocontigo.com\/?page_id=487"},"modified":"2026-03-19T12:51:19","modified_gmt":"2026-03-19T11:51:19","slug":"tarifas","status":"publish","type":"page","link":"https:\/\/www.centrocontigo.com\/index.php\/tarifas\/","title":{"rendered":"Tarifas"},"content":{"rendered":"\t\t<div data-elementor-type=\"wp-page\" data-elementor-id=\"487\" class=\"elementor elementor-487\" data-elementor-post-type=\"page\">\n\t\t\t\t\t\t<section class=\"elementor-section elementor-top-section elementor-element elementor-element-807aa77 elementor-section-boxed elementor-section-height-default elementor-section-height-default\" data-id=\"807aa77\" data-element_type=\"section\">\n\t\t\t\t\t\t<div class=\"elementor-container elementor-column-gap-default\">\n\t\t\t\t\t<div class=\"elementor-column elementor-col-50 elementor-top-column elementor-element elementor-element-ca2aaa2\" data-id=\"ca2aaa2\" data-element_type=\"column\">\n\t\t\t<div class=\"elementor-widget-wrap elementor-element-populated\">\n\t\t\t\t\t\t<div class=\"elementor-element elementor-element-9b35806 elementor-widget elementor-widget-text-editor\" data-id=\"9b35806\" data-element_type=\"widget\" data-widget_type=\"text-editor.default\">\n\t\t\t\t<div class=\"elementor-widget-container\">\n\t\t\t\t\t\t\t\t\t<p>TARIFAS<\/p>\t\t\t\t\t\t\t\t<\/div>\n\t\t\t\t<\/div>\n\t\t\t\t\t<\/div>\n\t\t<\/div>\n\t\t\t\t<div class=\"elementor-column elementor-col-25 elementor-top-column elementor-element elementor-element-f6f3229\" data-id=\"f6f3229\" data-element_type=\"column\">\n\t\t\t<div class=\"elementor-widget-wrap elementor-element-populated\">\n\t\t\t\t\t\t<div class=\"elementor-element elementor-element-18b2676 elementor-widget elementor-widget-text-editor\" data-id=\"18b2676\" data-element_type=\"widget\" data-widget_type=\"text-editor.default\">\n\t\t\t\t<div class=\"elementor-widget-container\">\n\t\t\t\t\t\t\t\t\t<p style=\"text-align: center;\">LUNES A VIERNES*<\/p>\t\t\t\t\t\t\t\t<\/div>\n\t\t\t\t<\/div>\n\t\t\t\t\t<\/div>\n\t\t<\/div>\n\t\t\t\t<div class=\"elementor-column elementor-col-25 elementor-top-column elementor-element elementor-element-31e3a7c\" data-id=\"31e3a7c\" data-element_type=\"column\">\n\t\t\t<div class=\"elementor-widget-wrap elementor-element-populated\">\n\t\t\t\t\t\t<div class=\"elementor-element elementor-element-7ac655b elementor-widget elementor-widget-text-editor\" data-id=\"7ac655b\" data-element_type=\"widget\" data-widget_type=\"text-editor.default\">\n\t\t\t\t<div class=\"elementor-widget-container\">\n\t\t\t\t\t\t\t\t\t<p><span style=\"color: #32f1ee; font-size: 18px; font-weight: bold; text-align: center;\">VIERNES TARDE, S\u00c1BADOS, DOMINGOS Y FESTIVOS<\/span><\/p>\t\t\t\t\t\t\t\t<\/div>\n\t\t\t\t<\/div>\n\t\t\t\t\t<\/div>\n\t\t<\/div>\n\t\t\t\t\t<\/div>\n\t\t<\/section>\n\t\t\t\t<section class=\"elementor-section elementor-top-section elementor-element elementor-element-778f652 elementor-section-boxed elementor-section-height-default elementor-section-height-default\" data-id=\"778f652\" data-element_type=\"section\">\n\t\t\t\t\t\t<div class=\"elementor-container elementor-column-gap-default\">\n\t\t\t\t\t<div class=\"elementor-column elementor-col-50 elementor-top-column elementor-element elementor-element-8c63f05\" data-id=\"8c63f05\" data-element_type=\"column\">\n\t\t\t<div class=\"elementor-widget-wrap elementor-element-populated\">\n\t\t\t\t\t\t<div class=\"elementor-element elementor-element-23ce426 elementor-widget elementor-widget-text-editor\" data-id=\"23ce426\" data-element_type=\"widget\" data-widget_type=\"text-editor.default\">\n\t\t\t\t<div class=\"elementor-widget-container\">\n\t\t\t\t\t\t\t\t\t<p>Primera consulta Centro Contigo<\/p><p>Consultas sucesivas Centro Contigo<\/p><p>Revisi\u00f3n + vacuna Centro Contigo<\/p><p>Vacunaci\u00f3n (sin revisi\u00f3n) Centro Contigo<\/p><p>Consulta telef\u00f3nica<\/p><p>Receta sin consulta<\/p><p>Fisioterapia infantil Centro Contigo<\/p><p>\u00a0<\/p><p>Domicilio Pediatr\u00eda\/ Medicina familia dentro M-30<\/p><p>Domicilio Pediatr\u00eda\/ Medicina familia fuera M-30<\/p><p>Domicilio Pediatr\u00eda\/ Medicina familia fuera M-40<\/p><p>Fisioterapia infantil dentro M-30<\/p><p>Fisioterapia infantil fuera M-30<\/p><p>Hermano\/ paciente extra<\/p><p>Vacunaci\u00f3n<\/p><p>Pruebas complementarias<\/p>\t\t\t\t\t\t\t\t<\/div>\n\t\t\t\t<\/div>\n\t\t\t\t\t<\/div>\n\t\t<\/div>\n\t\t\t\t<div class=\"elementor-column elementor-col-25 elementor-top-column elementor-element elementor-element-12d087a\" data-id=\"12d087a\" data-element_type=\"column\">\n\t\t\t<div class=\"elementor-widget-wrap elementor-element-populated\">\n\t\t\t\t\t\t<div class=\"elementor-element elementor-element-2174954 elementor-widget elementor-widget-text-editor\" data-id=\"2174954\" data-element_type=\"widget\" data-widget_type=\"text-editor.default\">\n\t\t\t\t<div class=\"elementor-widget-container\">\n\t\t\t\t\t\t\t\t\t<p>100 euros<\/p><p>80 euros<\/p><p>90 euros<\/p><p>30 euros<\/p><p>55 euros<\/p><p>20 euros<\/p><p>70 euros<\/p><p>\u00a0<\/p><p>130 euros<\/p><p>160 euros<\/p><p>170 euros<\/p><p>100 euros<\/p><p>120 euros<\/p><p>+60 euros<\/p><p>+20 euros<\/p><p>+10 euros<\/p>\t\t\t\t\t\t\t\t<\/div>\n\t\t\t\t<\/div>\n\t\t\t\t\t<\/div>\n\t\t<\/div>\n\t\t\t\t<div class=\"elementor-column elementor-col-25 elementor-top-column elementor-element elementor-element-97d2eac\" data-id=\"97d2eac\" data-element_type=\"column\">\n\t\t\t<div class=\"elementor-widget-wrap elementor-element-populated\">\n\t\t\t\t\t\t<div class=\"elementor-element elementor-element-f6f4901 elementor-widget elementor-widget-text-editor\" data-id=\"f6f4901\" data-element_type=\"widget\" data-widget_type=\"text-editor.default\">\n\t\t\t\t<div class=\"elementor-widget-container\">\n\t\t\t\t\t\t\t\t\t<p>120 euros<\/p><p>120 euros<\/p><p>120 euros<\/p><p>50 euros<\/p><p>65 euros<\/p><p>30 euros<\/p><p>85 euros<\/p><p>\u00a0<\/p><p>160 euros<\/p><p>180 euros<\/p><p>190 euros<\/p><p>120 euros<\/p><p>140 euros<\/p><p>+60 euros<\/p><p>+20 euros<\/p><p>+10 euros<\/p>\t\t\t\t\t\t\t\t<\/div>\n\t\t\t\t<\/div>\n\t\t\t\t\t<\/div>\n\t\t<\/div>\n\t\t\t\t\t<\/div>\n\t\t<\/section>\n\t\t\t\t<section class=\"elementor-section elementor-top-section elementor-element elementor-element-ccbc43e elementor-section-boxed elementor-section-height-default elementor-section-height-default\" data-id=\"ccbc43e\" data-element_type=\"section\">\n\t\t\t\t\t\t<div class=\"elementor-container elementor-column-gap-default\">\n\t\t\t\t\t<div class=\"elementor-column elementor-col-100 elementor-top-column elementor-element elementor-element-d05d966\" data-id=\"d05d966\" data-element_type=\"column\">\n\t\t\t<div class=\"elementor-widget-wrap elementor-element-populated\">\n\t\t\t\t\t\t<div class=\"elementor-element elementor-element-548f19a elementor-widget elementor-widget-text-editor\" data-id=\"548f19a\" data-element_type=\"widget\" data-widget_type=\"text-editor.default\">\n\t\t\t\t<div class=\"elementor-widget-container\">\n\t\t\t\t\t\t\t\t\t<p data-start=\"347\" data-end=\"574\">Queremos que te sientas acompa\u00f1ado tambi\u00e9n despu\u00e9s de cada consulta. Por eso ofrecemos un <strong data-start=\"437\" data-end=\"479\">seguimiento personalizado v\u00eda WhatsApp<\/strong>, a trav\u00e9s del cual podr\u00e1s resolver tus dudas durante las <strong data-start=\"537\" data-end=\"571\">48 horas posteriores a la cita<\/strong>.<\/p><p data-start=\"576\" data-end=\"704\">Tras cada consulta, recibir\u00e1s por <strong data-start=\"610\" data-end=\"643\">WhatsApp o correo electr\u00f3nico<\/strong> un <strong data-start=\"647\" data-end=\"668\">informe detallado<\/strong> y la <strong data-start=\"674\" data-end=\"701\">factura correspondiente<\/strong>.<\/p><p data-start=\"706\" data-end=\"876\">Si dispones de una <strong data-start=\"725\" data-end=\"748\">p\u00f3liza de reembolso<\/strong>, puedes consultar con tu compa\u00f1\u00eda aseguradora la posibilidad de <strong data-start=\"813\" data-end=\"858\">recuperar total o parcialmente el importe<\/strong> de la consulta.<\/p>\t\t\t\t\t\t\t\t<\/div>\n\t\t\t\t<\/div>\n\t\t\t\t\t<\/div>\n\t\t<\/div>\n\t\t\t\t\t<\/div>\n\t\t<\/section>\n\t\t\t\t<\/div>\n\t\t","protected":false},"excerpt":{"rendered":"<p>TARIFAS LUNES A VIERNES* VIERNES TARDE, S\u00c1BADOS, DOMINGOS Y FESTIVOS Primera consulta Centro Contigo Consultas sucesivas Centro Contigo Revisi\u00f3n + vacuna Centro Contigo Vacunaci\u00f3n (sin revisi\u00f3n) Centro Contigo Consulta telef\u00f3nica Receta sin consulta Fisioterapia infantil Centro Contigo \u00a0 Domicilio Pediatr\u00eda\/ Medicina familia dentro M-30 Domicilio Pediatr\u00eda\/ Medicina familia fuera M-30 Domicilio Pediatr\u00eda\/ Medicina familia fuera [&hellip;]<\/p>\n","protected":false},"author":2,"featured_media":0,"parent":0,"menu_order":0,"comment_status":"closed","ping_status":"closed","template":"","meta":{"footnotes":""},"class_list":["post-487","page","type-page","status-publish","hentry"],"_links":{"self":[{"href":"https:\/\/www.centrocontigo.com\/index.php\/wp-json\/wp\/v2\/pages\/487","targetHints":{"allow":["GET"]}}],"collection":[{"href":"https:\/\/www.centrocontigo.com\/index.php\/wp-json\/wp\/v2\/pages"}],"about":[{"href":"https:\/\/www.centrocontigo.com\/index.php\/wp-json\/wp\/v2\/types\/page"}],"author":[{"embeddable":true,"href":"https:\/\/www.centrocontigo.com\/index.php\/wp-json\/wp\/v2\/users\/2"}],"replies":[{"embeddable":true,"href":"https:\/\/www.centrocontigo.com\/index.php\/wp-json\/wp\/v2\/comments?post=487"}],"version-history":[{"count":37,"href":"https:\/\/www.centrocontigo.com\/index.php\/wp-json\/wp\/v2\/pages\/487\/revisions"}],"predecessor-version":[{"id":664,"href":"https:\/\/www.centrocontigo.com\/index.php\/wp-json\/wp\/v2\/pages\/487\/revisions\/664"}],"wp:attachment":[{"href":"https:\/\/www.centrocontigo.com\/index.php\/wp-json\/wp\/v2\/media?parent=487"}],"curies":[{"name":"wp","href":"https:\/\/api.w.org\/{rel}","templated":true}]}}